what is 100000 + 11000?
111000
In base 9, what is -12 - 7?
-20
In base 7, what is -46 - -1?
-45
In base 10, what is 2 - -42?
44
In base 10, what is -5 - 5?
-10
In base 13, what is 2030 + -1?
202c
In base 5, what is -311 - 1?
-312
In base 15, what is 1e0 + -19?
1c6
In base 3, what is 0 + -10012200?
-10012200
In base 9, what is -2 - -544?
542
In base 15, what is 7 - -d3?
da
In base 8, what is 11 + -10?
1
In base 12, what is -8 - -39?
31
In base 4, what is -11 + 1102?
1031
In base 8, what is -56 + 5?
-51
In base 6, what is 204 + 11?
215
In base 6, what is -233 - -22?
-211
In base 7, what is -364 - 3?
-400
In base 12, what is -615 - -9?
-608
In base 2, what is 10001 + 101?
10110
In base 9, what is -1675 + -15?
-1701
In base 9, what is 28 - -11?
40
In base 2, what is -11 - -1001000000?
1000111101
In base 9, what is 5 + -11516?
-11511
In base 7, what is 1546 - -2?
1551
In base 8, what is -4126 - -5?
-4121
In base 2, what is 100100 - -100?
101000
In base 16, what is 3 + -4?
-1
In base 14, what is 2a38 + 2?
2a3a
In base 14, what is -b1 + 1?
-b0
In base 9, what is 5 - -167?
173
In base 14, what is 1a6d + -3?
1a6a
In base 13, what is 36 + -4?
32
In base 16, what is 7e - -9?
87
In base 5, what is 2 - -3123?
3130
In base 8, what is -4 - -2?
-2
In base 6, what is -100 - -10?
-50
In base 14, what is 914 + -5?
90d
In base 2, what is 11 + -1000110111010?
-1000110110111
In base 8, what is -423 + -4?
-427
In base 11, what is -706 - 1?
-707
In base 5, what is -4 + 24130?
24121
In base 3, what is 1 + 100100?
100101
In base 12, what is 2 + 338?
33a
In base 8, what is -5 + 74?
67
In base 8, what is 4 - 72?
-66
In base 16, what is -6 + -12c?
-132
In base 16, what is 8 - 14f?
-147
In base 15, what is 59 + -3a?
1e
In base 10, what is 1 + -1220?
-1219
In base 7, what is -3 + 611?
605
In base 16, what is -292 + 4?
-28e
In base 15, what is -1 + 17b?
17a
In base 16, what is -70 - 14?
-84
In base 13, what is 7c + 5?
84
In base 14, what is 0 - -19?
19
In base 9, what is -27 + -12?
-40
In base 4, what is -2 + -302113?
-302121
In base 16, what is -f - 2?
-11
In base 14, what is -a2 + -2?
-a4
In base 10, what is 4 + -392?
-388
In base 9, what is -3 + 786?
783
In base 4, what is -20 + -222?
-302
In base 16, what is 78 + -4?
74
In base 7, what is -6 + -36?
-45
In base 12, what is -4 + -3?
-7
In base 9, what is -1 + -531?
-532
In base 12, what is 11bb + -4?
11b7
In base 13, what is 133 + -ab?
55
In base 13, what is -a + -1c3?
-200
In base 7, what is 11215 - -3?
11221
In base 15, what is -1d1 + 5?
-1cb
In base 11, what is 3 + 31?
34
In base 2, what is -101011110 - -101?
-101011001
In base 5, what is -1444 + 3?
-1441
In base 2, what is 1011010 + -10?
1011000
In base 16, what is 24 + 7f?
a3
In base 12, what is 1947 + 1?
1948
In base 15, what is 0 - -e5?
e5
In base 3, what is 22 - -2021?
2120
In base 4, what is 103302 + 0?
103302
In base 11, what is -2 + 68?
66
In base 6, what is -152 - 0?
-152
In base 5, what is -2 + -3?
-10
In base 6, what is 15055 - 1?
15054
In base 13, what is 612 + 1?
613
In base 5, what is -10 + 44340?
44330
In base 4, what is 3 + 12032?
12101
In base 2, what is -100 - 1111110111?
-1111111011
In base 4, what is 111 + 1?
112
In base 5, what is 14 - 303?
-234
In base 15, what is -5 - a?
-10
In base 10, what is 2 - 239?
-237
In base 10, what is 28 + -2?
26
In base 13, what is -5b - 5?
-63
In base 9, what is -164 + 0?
-164
In base 13, what is 4 + 58?
5c
In base 11, what is 456 + 0?
456
In base 12, what is -8 - -172?
166
In base 15, what is -6 + -57?
-5d
In base 6, what is 22 - 2?
20
In base 13, what is -93 - -a?
-86
In base 14, what is -1 - -1a44?
1a43
In base 13, what is 0 - -2ab?
2ab
In base 7, what is -35 - 122?
-160
In base 6, what is -31234 - -3?
-31231
In base 4, what is 3102 - -1?
3103
In base 10, what is -135 - 4?
-139
In base 9, what is -3 + 52?
48
In base 12, what is 3 - -37?
3a
In base 13, what is -28 - -1?
-27
In base 11, what is -9 - -137?
129
In base 2, what is -101000 + 100011?
-101
In base 6, what is 430 - -1?
431
In base 9, what is 187 + -3?
184
In base 6, what is 130 - -5?
135
In base 2, what is 0 - -1001000?
1001000
In base 9, what is -4 - -166?
162
In base 8, what is -112 - -11?
-101
In base 4, what is 1 - 1013?
-1012
In base 10, what is 5 + -2036?
-2031
In base 4, what is -2 + -1010?
-1012
In base 7, what is -131 - -11?
-120
In base 15, what is 2 + -2ace?
-2acc
In base 9, what is -14 - 31?
-45
In base 16, what is 5 + d5?
da
In base 6, what is -534 - 4?
-542
In base 6, what is 3 - 1534?
-1531
In base 13, what is -5 - -78?
73
In base 5, what is 3203 - -40?
3243
In base 9, what is 151 + 10?
161
In base 16, what is -2b - 2f?
-5a
In base 10, what is -4 + -287?
-291
In base 10, what is -1 + 371?
370
In base 2, what is -101010 - -10001100?
1100010
In base 4, what is 1120 + -2?
1112
In base 4, what is -11 - -22231?
22220
In base 8, what is -473 - -3?
-470
In base 14, what is 1a6 + -37?
16d
In base 6, what is -31235 + 5?
-31230
In base 16, what is 153 + 5?
158
In base 9, what is -4 + 1373?
1368
In base 14, what is -b1 - 24?
-d5
In base 15, what is c + -41?
-34
In base 9, what is -145 + 1?
-144
In base 6, what is 324 - 12?
312
In base 8, what is 3 - 121?
-116
In base 6, what is -214 + -1?
-215
In base 5, what is -20123 - -3?
-20120
In base 12, what is -14 - -1?
-13
In base 5, what is -1031421 - -10?
-1031411
In base 10, what is 12 - 99?
-87
In base 8, what is 10 + 2?
12
In base 16, what is 702 - -5?
707
In base 5, what is -12 - -20111?
20044
In base 13, what is 2520 - -5?
2525
In base 13, what is 4 - -5b5?
5b9
In base 14, what is -9 - 20?
-29
In base 4, what is 2 + -1021311?
-1021303
In base 11, what is -2831 + 1?
-2830
In base 3, what is 1210220 + 2?
1210222
In base 4, what is 33331 + -2?
33323
In base 11, what is -8a - 2?
-91
In base 12, what is 4 - 5?
-1
In base 7, what is 4 + 16636?
16643
In base 9, what is 4 - -16?
21
In base 11, what is 0 + 43?
43
In base 4, what is 23112 + 10?
23122
In base 7, what is -344 - 155?
-532
In base 3, what is -10102 - -20001?
2122
In base 6, what is -40 + 4?
-32
In base 12, what is 11b3 + -1?
11b2
In base 16, what is 9db - 0?
9db
In base 12, what is -b - 16?
-25
In base 11, what is -a5 - 2?
-a7
In base 13, what is -1 + 7b8?
7b7
In base 12, what is 52 + -13?
3b
In base 5, what is -3 - 220?
-223
In base 12, what is 0 - -481?
481
In base 11, what is -2 + -48?
-4a
In base 13, what is 112 - -8?
11a
In base 11, what is -4 - -108?
104
In base 8, what is 3377 + -2?
3375
In base 6, what is 0 - -202?
202
In base 3, what is 122 - 101102?
-100210
In base 4, what is -22310 + -13?
-22323
In base 14, what is 16 + 2?
18
In base 3, what is 11221 + 2?
12000
In base 6, what is -1005 - -2?
-1003
In base 13, what is 3 + 5?
8
In base 8, what is -3 - -13?
10
In base 2, what is -11000101010 + -101?
-11000101111
In base 6, what is 11313 + 3?
11320
In base 16, what is 4 - -d0?
d4
In base 3, what is 21021 - -10?
21101
In base 15, what is -18 + 5?
-13
In base 6, what is 220 - -13?
233
In base 6, what is -10 + 200?
150
In base 7, what is -1 + -1402?
-1403
In base 10, what is -201 + 5?
-196
In base 11, what is 34 - -30?
64
In base 3, what is 111 + 11?
122
In base 11, what is 3 - -443?
446
In base 14, what is -46 - 8?
-50
In base 9, what is 26408 - -3?
26412
In base 11, what is -3 + a4?
a1
In base 14, what is -3 + 14c?
149
In base 9, what is 7 + 60?
67
In base 9, what is 4 - 41?
-36
In base 3, what is -11010 + -11?
-11021
In base 3, what is 12 + 11?
100
In base 2, what is -1 + -100?
-101
In base 12, what is 9108 + 5?
9111
In base 12, what is -117 + -4?
-11b
In base 15, what is -5cd + 0?
-5cd
In base 10, what is -3 - 77?
-80
In base 7, what is -4 - 20?
-24
In base 4, what is 10 + -31?
-21
In base 7, what is 2 - -230?
232
In base 15, what is 3 + -a?
-7
In base 10, what is -1344 + -4?
-1348
In base 9, what is 133 + -4?
128
In base 4, what is 1121 - 2021?
-300
In base 15, what is 0 + -2616?
-2616
In base 14, what is 26 - -5?
2b
In base 14, what is -5 + -1175?
-117a
In base 14, what is -d - -1?
-c
In base 2, what is 101110001010 + 1?
101110001011
In base 4, what is -133321 + 2?
-133313
In base 10, what is 5 - -3352?
3357
In base 10, what is 5 + -139?
-134
In base 15, what is -113 + 0?
-113
In base 2, what is -10010 - -1001?
-1001
In base 9, what is 5